e remainder when 740131 is divided by 49?
35
Calculate the remainder when 5685704 is divided by 53638.
76
What is the remainder when 77502 is divided by 3856?
382
Calculate the remainder when 97975 is divided by 2506.
241
Calculate the remainder when 244289 is divided by 119493.
5303
Calculate the remainder when 347169 is divided by 20.
9
What is the remainder when 50963 is divided by 1016?
163
What is the remainder when 2532007 is divided by 115?
52
Calculate the remainder when 556872 is divided by 556845.
27
What is the remainder when 18787 is divided by 1444?
15
What is the remainder when 400011 is divided by 103?
62
What is the remainder when 48484263 is divided by 244?
243
Calculate the remainder when 343041 is divided by 30939.
2712
What is the remainder when 725786 is divided by 632?
250
What is the remainder when 71207 is divided by 17793?
35
Calculate the remainder when 439668 is divided by 146365.
573
What is the remainder when 818732 is divided by 48?
44
Calculate the remainder when 13742949 is divided by 7106.
7051
What is the remainder when 136807562 is divided by 69025?
12
What is the remainder when 441628 is divided by 147132?
232
Calculate the remainder when 53390570 is divided by 306.
302
Calculate the remainder when 149283 is divided by 49740.
63
Calculate the remainder when 430558 is divided by 1717.
1308
What is the remainder when 45547 is divided by 2699?
2363
Calculate the remainder when 21524557 is divided by 673.
671
Calculate the remainder when 72357 is divided by 349.
114
Calculate the remainder when 60923 is divided by 286.
5
Calculate the remainder when 5783632 is divided by 21031.
107
Calculate the remainder when 131779 is divided by 719.
202
Calculate the remainder when 58213742 is divided by 440.
422
Calculate the remainder when 104731746 is divided by 1179.
1176
What is the remainder when 153893 is divided by 153197?
696
Calculate the remainder when 1816404 is divided by 1375.
29
Calculate the remainder when 77509 is divided by 11887.
6187
Calculate the remainder when 24310767 is divided by 506.
503
What is the remainder when 15332096 is divided by 894?
890
What is the remainder when 637419 is divided by 1050?
69
What is the remainder when 2283355979 is divided by 2895?
2894
What is the remainder when 77465 is divided by 1886?
139
Calculate the remainder when 2960647 is divided by 11387.
27
Calculate the remainder when 122572 is divided by 900.
172
Calculate the remainder when 23105463 is divided by 37.
36
What is the remainder when 28773 is divided by 2156?
745
Calculate the remainder when 2055879 is divided by 2055863.
16
Calculate the remainder when 170555 is divided by 21306.
107
Calculate the remainder when 13800602 is divided by 91.
88
What is the remainder when 6205717 is divided by 6205650?
67
What is the remainder when 51386 is divided by 3667?
48
Calculate the remainder when 3099110 is divided by 774714.
254
Calculate the remainder when 2696947 is divided by 2696930.
17
Calculate the remainder when 552374 is divided by 276176.
22
What is the remainder when 97989 is divided by 2708?
501
What is the remainder when 135976 is divided by 198?
148
What is the remainder when 46093 is divided by 397?
41
What is the remainder when 81277 is divided by 273?
196
What is the remainder when 57441861 is divided by 51?
0
Calculate the remainder when 1012133599 is divided by 2521.
2519
Calculate the remainder when 1723139 is divided by 1722913.
226
What is the remainder when 655055 is divided by 5?
0
Calculate the remainder when 82993498 is divided by 202.
182
What is the remainder when 12268142 is divided by 197873?
16
What is the remainder when 249593794 is divided by 49918758?
4
Calculate the remainder when 453008 is divided by 4924.
0
Calculate the remainder when 20128748 is divided by 798.
794
What is the remainder when 380644 is divided by 130?
4
What is the remainder when 175624149 is divided by 266906?
1
Calculate the remainder when 140900624 is divided by 747.
737
Calculate the remainder when 4316965 is divided by 9924.
25
What is the remainder when 2540739 is divided by 25925?
89
Calculate the remainder when 15589900 is divided by 226.
194
What is the remainder when 15671328 is divided by 626853?
3
What is the remainder when 222552801 is divided by 94?
93
Calculate the remainder when 185717 is divided by 185.
162
Calculate the remainder when 74503 is divided by 18625.
3
What is the remainder when 5738696 is divided by 1591?
1550
What is the remainder when 4688192 is divided by 2461?
2448
What is the remainder when 34844 is divided by 11063?
1655
Calculate the remainder when 42828075 is divided by 8565612.
15
Calculate the remainder when 34838529 is divided by 11612843.
0
Calculate the remainder when 1508457 is divided by 1544.
1513
What is the remainder when 2208407 is divided by 1803?
1535
What is the remainder when 53249838 is divided by 28?
26
What is the remainder when 418566 is divided by 69757?
24
Calculate the remainder when 14618425 is divided by 221491.
19
What is the remainder when 530242 is divided by 18?
16
What is the remainder when 85266 is divided by 208?
194
Calculate the remainder when 833031 is divided by 5376.
5127
What is the remainder when 196349 is divided by 63710?
5219
Calculate the remainder when 3162048 is divided by 1031.
1002
Calculate the remainder when 163220 is divided by 53861.
1637
Calculate the remainder when 12710959 is divided by 118.
117
Calculate the remainder when 22855880 is divided by 7618612.
44
What is the remainder when 28928629 is divided by 16307?
11
What is the remainder when 3673965 is divided by 174950?
15
What is the remainder when 24796 is divided by 2988?
892
What is the remainder when 216599476 is divided by 30942780?
16
Calculate the remainder when 2681196 is divided by 63838.
0
What is the remainder when 215066 is divided by 670?
666
What is the remainder when 748954 is divided by 11702?
26
Calculate the remainder when 101360 is divided by 9.
2
What is the remainder when 221277329 is divided by 21064?
9
What is the remainder when 1166396 is divided by 150?
146
What is the remainder when 20862148 is divided by 37?
31
What is the remainder when 103866 is divided by 20485?
1441
What is the remainder when 8817767 is divided by 1537?
1535
What is the remainder when 37464409 is divided by 12488136?
1
Calculate the remainder when 2084945 is divided by 331.
307
What is the remainder when 114671 is divided by 22834?
501
What is the remainder when 5348891 is divided by 2280?
11
Calculate the remainder when 81116852 is divided by 27038944.
20
What is the remainder when 10397440 is divided by 150687?
37
What is the remainder when 60733659 is divided by 863?
34
What is the remainder when 346277988 is divided by 2998?
2992
What is the remainder when 71284 is divided by 2509?
1032
What is the remainder when 2250814 is divided by 9426?
7426
Calculate the remainder when 488916 is divided by 49.
43
What is the remainder when 2522691 is divided by 315316?
163
Calculate the remainder when 107737351 is divided by 599.
13
What is the remainder when 1304119 is divided by 46575?
19
Calculate the remainder when 3283723 is divided by 6.
1
Calculate the remainder when 357833 is divided by 111.
80
What is the remainder when 402123 is divided by 276?
267
Calculate the remainder when 13001168 is divided by 258.
32
What is the remainder when 3911492 is divided by 202?
166
Calculate the remainder when 159280 is divided by 39689.
524
What is the remainder when 5011733 is divided by 2814?
2813
What is the remainder when 307486365 is divided by 1076?
1073
What is the remainder when 96017 is divided by 31?
10
Calculate the remainder when 791208 is divided by 790924.
284
Calculate the remainder when 321404453 is divided by 12807.
12788
What is the remainder when 3713779 is divided by 114?
1
What is the remainder when 20674 is divided by 5599?
3877
What is the remainder when 811752 is divided by 1989?
240
What is the remainder when 142838 is divided by 2581?
883
What is the remainder when 403469711 is divided by 1136?
1135
What is the remainder when 100979 is divided by 1095?
239
What is the remainder when 1896501 is divided by 752?
709
Calculate the remainder when 124232 is divided by 2